{"id":10335,"date":"2025-12-17T18:29:13","date_gmt":"2025-12-17T21:29:13","guid":{"rendered":"https:\/\/ppgartes.eba.ufmg.br\/?page_id=10335"},"modified":"2026-03-09T21:39:03","modified_gmt":"2026-03-10T00:39:03","slug":"disciplinas-2026-1","status":"publish","type":"page","link":"https:\/\/ppgartes.eba.ufmg.br\/?page_id=10335","title":{"rendered":"Disciplinas 2026.1"},"content":{"rendered":"\n<p><span style=\"color: #800080;\"><strong><em><br><\/em><\/strong><\/span><a href=\"https:\/\/ppgartes.eba.ufmg.br\/wp-content\/uploads\/2026\/03\/RESULTADO-FINAL-Disciplinas-isoladas-2026.1.pdf\"><u><strong>Resultado Disciplinas Isoladas 2026.1 &#8211; RESULTADO FINAL<\/strong><\/u><\/a><\/p>\n\n\n<p><a href=\"https:\/\/ppgartes.eba.ufmg.br\/wp-content\/uploads\/2026\/03\/RESULTADO-FINAL-Disciplinas-isoladas-2026.1.pdf\"><u>Clique aqui<\/u><\/a><\/p>\n\n\n<p>&nbsp;<span style=\"color: #535548;\"><b><span style=\"font-size: large;\">Orienta\u00e7\u00f5es para pagamento da GRU.&nbsp;<\/span><\/b><\/span><\/p>\n\n\n\n<p><span style=\"color: #535548;\"><b>**Ap\u00f3s o pagamento, encaminhar o comprovante para&nbsp;<a href=\"mailto:ppgartes-administrativo@eba.ufmg.br\" target=\"_blank\" rel=\"noopener\">ppgartes-administrativo@eba.<wbr>ufmg.br<\/a>, com nome completo e para qual disciplina deseja se matricular.<\/b><\/span><\/p>\n\n\n\n<p><span style=\"color: #535548;\">a) Gerar&nbsp;<b>Guia de Recolhimento da Uni\u00e3o (GRU)<\/b>&nbsp;pela internet.&nbsp;<a href=\"https:\/\/sistemas.ufmg.br\/sisarc\/emissaogru\/gerir\/geriremissaogru.seam?codigo=9YA6pJts3\" target=\"_blank\" rel=\"noopener\" data-saferedirecturl=\"https:\/\/www.google.com\/url?q=https:\/\/sistemas.ufmg.br\/sisarc\/emissaogru\/gerir\/geriremissaogru.seam?codigo%3D9YA6pJts3&amp;source=gmail&amp;ust=1772760186891000&amp;usg=AOvVaw1F4vmN5e5fVKcCgO4rAoGq\"><span style=\"color: #c8102e;\">Clique aqui<\/span><\/a><\/span><\/p>\n\n\n\n<p><span style=\"color: #535548;\">b) Preencher o formul\u00e1rio informando os seguintes dados:<\/span><\/p>\n\n\n\n<figure class=\"wp-block-table\"><table class=\"has-fixed-layout\"><tbody><tr><td><b>CPF\/CNPJ:<\/b><\/td><td><b>digitar o n\u00famero do CPF de quem cursar\u00e1 a disciplina isolada<\/b><\/td><\/tr><tr><td><b>Nome do Contribuinte:<\/b><\/td><td><b>nome da pessoa que cursar\u00e1 a disciplina isolada<\/b><\/td><\/tr><tr><td><b>Compet\u00eancia:<\/b><\/td><td><b>m\u00eas da matr\u00edcula \/ ano de oferta da disciplina<\/b><\/td><\/tr><tr><td><b>Data do Vencimento:<\/b><\/td><td><b>data para efetuar o pagamento<\/b><\/td><\/tr><tr><td><b>Valor Principal:<\/b><\/td><td><b>valor da taxa de disciplina isolada R$ 194,57<\/b><\/td><\/tr><tr><td><b>Valor Total:<\/b><\/td><td><b>repetir o valor da taxa de disciplina isolada R$ 194,57<\/b><\/td><\/tr><tr><td>Clicar em&nbsp;<b>GERAR&nbsp;GRU<\/b><\/td><td>&nbsp;<\/td><\/tr><\/tbody><\/table><\/figure>\n\n\n\n<div>\r\n<div>\r\n<div>\r\n<figure><img loading=\"lazy\" decoding=\"async\" class=\"CToWUd\" title=\"BRANQUITO\" src=\"https:\/\/ci3.googleusercontent.com\/meips\/ADKq_NbfdFc9w_P1MWPmh7UgZg3bqorNVlx6plN9MHg8C4LwO6xG6u-OAnB8SARi3YSKer5L3akOGXLXt5_chMr2I9vhmAjtaXSzMYbjlyzvPi07JKC2D7OWmi_xGf6mWhP1jGuuA0y7GNW0MM54n2Cq3L-K8gjD-epfns7PHGt6NgdZAeOZ=s0-d-e1-ft#https:\/\/www2.ufmg.br\/var\/storage\/drca\/images\/media\/drca\/images\/branquito\/120328-1-por-BR\/BRANQUITO_medium.jpg\" alt=\"BRANQUITO\" width=\"11\" height=\"12\" data-bit=\"iit\" \/><\/figure>\r\n<div>\u00a0<\/div>\r\n<\/div>\r\n<\/div>\r\n<\/div>\n\n\n\n<figure class=\"wp-block-table\"><table class=\"has-fixed-layout\"><tbody><tr><td><b>ATEN\u00c7\u00c3O: Antes de efetuar o pagamento da taxa de matr\u00edcula verifique se sua matr\u00edcula foi aceita. Alunos com v\u00ednculo em cursos&nbsp;(Gradua\u00e7\u00e3o e P\u00f3s-gradua\u00e7\u00e3o)&nbsp;da UFMG n\u00e3o poder\u00e3o solicitar matr\u00edcula em disciplina isolada.&nbsp;<\/b><b>&nbsp;<u>Em hip\u00f3tese alguma ser\u00e1 devolvida a taxa de matr\u00edcula<\/u>.<\/b><\/td><\/tr><\/tbody><\/table><\/figure>\n\n\n\n<p><span style=\"color: #535548;\"><b>Observa\u00e7\u00e3o<\/b>: O requerente que obtiver deferimento receber\u00e1&nbsp;<b>somente 01 (um) n\u00famero de matr\u00edcula<\/b>&nbsp;e pagar\u00e1&nbsp;<b>apenas uma taxa<\/b>, para qualquer n\u00famero de disciplinas.<\/span><\/p>\n\n\n\n<p><span style=\"color: #535548;\"><b>&nbsp;&nbsp;<\/b><\/span><\/p>\n\n\n\n<p><span style=\"color: #535548;\"><b>*** A<\/b><b>t\u00e9 o dia 11 de mar\u00e7o&nbsp;de 2026,<\/b>&nbsp;a Unidade efetuar\u00e1 o cadastro e gerar\u00e1 o n\u00famero de isolada.<\/span><\/p>\n\n\n\n<p><span style=\"color: #993300;\"><a style=\"color: #993300;\" href=\"https:\/\/ppgartes.eba.ufmg.br\/wp-content\/uploads\/2026\/03\/Formulario-Isolada.pdf\">Formul\u00e1rio de Isoladas<\/a><\/span><\/p>\n\n\n\n<p><a href=\"https:\/\/ppgartes.eba.ufmg.br\/wp-content\/uploads\/2026\/03\/Quadro-de-disciplinas-2026.1-com-reserva-de-sala-05_03_26.pdf\">Quadro de disciplinas com reserva de sala 2026.1 PPGARTES &#8211; 05.03.2026<\/a><\/p>\n\n\n\n<p><a href=\"https:\/\/ppgartes.eba.ufmg.br\/wp-content\/uploads\/2025\/12\/Ementario-resumido-PPGARTES-2026.1.pdf\">Ementario resumido PPGARTES 2026.1<\/a><\/p>\n\n\n\n<p><a href=\"https:\/\/ppgartes.eba.ufmg.br\/wp-content\/uploads\/2026\/02\/Ementario-Detalhado-PPGARTES-2026.1.docx.docx.pdf\">Ementario Detalhado PPGARTES 2026.1.docx.docx<\/a><\/p>\n\n\n\n<p><a href=\"https:\/\/ppgartes.eba.ufmg.br\/wp-content\/uploads\/2026\/01\/CalendariodeMatriculasPPGARTES2026.1.xlsx-Plan1.pdf\">CalendariodeMatriculasPPGARTES2026.1.xlsx &#8211; Plan1<\/a><\/p>\n\n\n\n<p><a href=\"https:\/\/ppgartes.eba.ufmg.br\/wp-content\/uploads\/2026\/01\/Informacoes-sobre-disciplinas-isoladas-2026.1-1.pdf\">Informacoes-sobre-disciplinas-isoladas-2026.1<\/a><\/p>\n","protected":false},"excerpt":{"rendered":"<p>Resultado Disciplinas Isoladas 2026.1 &#8211; RESULTADO FINAL Clique aqui &nbsp;Orienta\u00e7\u00f5es para pagamento da GRU.&nbsp; **Ap\u00f3s o pagamento, encaminhar o comprovante para&nbsp;ppgartes-administrativo@eba.ufmg.br, com nome completo e para qual disciplina deseja se matricular. a) Gerar&nbsp;Guia de Recolhimento da Uni\u00e3o (GRU)&nbsp;pela internet.&nbsp;Clique aqui b) Preencher o formul\u00e1rio informando os seguintes dados: CPF\/CNPJ: digitar o n\u00famero do CPF de&#8230;<\/p>\n","protected":false},"author":1,"featured_media":0,"parent":0,"menu_order":0,"comment_status":"closed","ping_status":"closed","template":"","meta":{"footnotes":""},"class_list":["post-10335","page","type-page","status-publish","hentry"],"_links":{"self":[{"href":"https:\/\/ppgartes.eba.ufmg.br\/index.php?rest_route=\/wp\/v2\/pages\/10335","targetHints":{"allow":["GET"]}}],"collection":[{"href":"https:\/\/ppgartes.eba.ufmg.br\/index.php?rest_route=\/wp\/v2\/pages"}],"about":[{"href":"https:\/\/ppgartes.eba.ufmg.br\/index.php?rest_route=\/wp\/v2\/types\/page"}],"author":[{"embeddable":true,"href":"https:\/\/ppgartes.eba.ufmg.br\/index.php?rest_route=\/wp\/v2\/users\/1"}],"replies":[{"embeddable":true,"href":"https:\/\/ppgartes.eba.ufmg.br\/index.php?rest_route=%2Fwp%2Fv2%2Fcomments&post=10335"}],"version-history":[{"count":23,"href":"https:\/\/ppgartes.eba.ufmg.br\/index.php?rest_route=\/wp\/v2\/pages\/10335\/revisions"}],"predecessor-version":[{"id":10475,"href":"https:\/\/ppgartes.eba.ufmg.br\/index.php?rest_route=\/wp\/v2\/pages\/10335\/revisions\/10475"}],"wp:attachment":[{"href":"https:\/\/ppgartes.eba.ufmg.br\/index.php?rest_route=%2Fwp%2Fv2%2Fmedia&parent=10335"}],"curies":[{"name":"wp","href":"https:\/\/api.w.org\/{rel}","templated":true}]}}