{"id":2262,"date":"2015-08-31T16:44:34","date_gmt":"2015-08-31T16:44:34","guid":{"rendered":"http:\/\/eba.ufmg.br\/pos\/?page_id=2262"},"modified":"2026-03-07T07:10:58","modified_gmt":"2026-03-07T10:10:58","slug":"corpo-docente","status":"publish","type":"page","link":"https:\/\/ppgartes.eba.ufmg.br\/?page_id=2262","title":{"rendered":"Corpo Docente"},"content":{"rendered":"<section class=\"l-section wpb_row us_custom_a2053579 height_medium with_img with_overlay\"><div class=\"l-section-img\" style=\"background-image: url(https:\/\/ppgartes.eba.ufmg.br\/wp-content\/uploads\/2022\/08\/capa17.jpg);background-position: top center;\" data-img-width=\"2000\" data-img-height=\"800\"><\/div><div class=\"l-section-overlay\" style=\"background: rgba(26,26,26,0.20)\"><\/div><div class=\"l-section-h i-cf\"><div class=\"g-cols vc_row type_default valign_top\"><div class=\"vc_col-sm-12 wpb_column vc_column_container\"><div class=\"vc_column-inner\"><div class=\"wpb_wrapper\"><div class=\"w-text us_custom_15798d3e has_text_color\"><span class=\"w-text-h\"><span class=\"w-text-value\">CORPO DOCENTE<\/span><\/span><\/div><\/div><\/div><\/div><\/div><\/div><\/section><section class=\"l-section wpb_row height_medium\"><div class=\"l-section-h i-cf\"><div class=\"g-cols vc_row type_default valign_top\"><div class=\"vc_col-sm-1 wpb_column vc_column_container\"><div class=\"vc_column-inner\"><div class=\"wpb_wrapper\"><\/div><\/div><\/div><div class=\"vc_col-sm-10 wpb_column vc_column_container\"><div class=\"vc_column-inner\"><div class=\"wpb_wrapper\"><div class=\"wpb_text_column\" ><div class=\"wpb_wrapper\"><p><strong>Corpo Docente e Administrativo<\/strong><\/p>\n<p><strong>Colegiado<\/strong><br \/>\nO Colegiado de P\u00f3s-Gradua\u00e7\u00e3o \u00e9 o \u00f3rg\u00e3o respons\u00e1vel pela coordena\u00e7\u00e3o e orienta\u00e7\u00e3o das atividades do curso de p\u00f3s-gradua\u00e7\u00e3o, desde a elabora\u00e7\u00e3o do curr\u00edculo do curso at\u00e9 o acompanhamento das diversas atividades acad\u00eamicas.<\/p>\n<p>Para mais detalhes sobre as atribui\u00e7\u00f5es que competem ao Colegiado, <a href=\"https:\/\/ppgartes.eba.ufmg.br\/wp-content\/uploads\/2018\/10\/Normas-Colegiado-PRPG.pdf\">acesse aqui as Normas PRPG<\/a>.<\/p>\n<p>O Colegiado \u00e9 composto por um representante de cada linha de pesquisa e seu suplente e um representante de discentes e seu suplente<\/p>\n<p><strong>Coordenadora<\/strong><br \/>\nProfa. Rita Lages Rodrigues<br \/>\nMandato: 09\/04\/2024 a 09\/04\/2026<\/p>\n<p><strong>Subcoordenadora<\/strong><br \/>\nProfa. Yacy-Ara Froner<br \/>\nMandato: 09\/04\/2024 a 09\/04\/2026<\/p>\n<\/div><\/div><\/div><\/div><\/div><div class=\"vc_col-sm-1 wpb_column vc_column_container\"><div class=\"vc_column-inner\"><div class=\"wpb_wrapper\"><\/div><\/div><\/div><\/div><\/div><\/section>\n","protected":false},"excerpt":{"rendered":"","protected":false},"author":1,"featured_media":0,"parent":0,"menu_order":0,"comment_status":"closed","ping_status":"closed","template":"","meta":{"footnotes":""},"class_list":["post-2262","page","type-page","status-publish","hentry"],"_links":{"self":[{"href":"https:\/\/ppgartes.eba.ufmg.br\/index.php?rest_route=\/wp\/v2\/pages\/2262","targetHints":{"allow":["GET"]}}],"collection":[{"href":"https:\/\/ppgartes.eba.ufmg.br\/index.php?rest_route=\/wp\/v2\/pages"}],"about":[{"href":"https:\/\/ppgartes.eba.ufmg.br\/index.php?rest_route=\/wp\/v2\/types\/page"}],"author":[{"embeddable":true,"href":"https:\/\/ppgartes.eba.ufmg.br\/index.php?rest_route=\/wp\/v2\/users\/1"}],"replies":[{"embeddable":true,"href":"https:\/\/ppgartes.eba.ufmg.br\/index.php?rest_route=%2Fwp%2Fv2%2Fcomments&post=2262"}],"version-history":[{"count":5,"href":"https:\/\/ppgartes.eba.ufmg.br\/index.php?rest_route=\/wp\/v2\/pages\/2262\/revisions"}],"predecessor-version":[{"id":9531,"href":"https:\/\/ppgartes.eba.ufmg.br\/index.php?rest_route=\/wp\/v2\/pages\/2262\/revisions\/9531"}],"wp:attachment":[{"href":"https:\/\/ppgartes.eba.ufmg.br\/index.php?rest_route=%2Fwp%2Fv2%2Fmedia&parent=2262"}],"curies":[{"name":"wp","href":"https:\/\/api.w.org\/{rel}","templated":true}]}}