{"id":4297,"date":"2018-07-06T13:04:23","date_gmt":"2018-07-06T13:04:23","guid":{"rendered":"https:\/\/eba.ufmg.br\/pos\/?page_id=4297"},"modified":"2024-12-16T08:45:45","modified_gmt":"2024-12-16T11:45:45","slug":"revista-pos","status":"publish","type":"page","link":"https:\/\/ppgartes.eba.ufmg.br\/?page_id=4297","title":{"rendered":"Revista P\u00f3s"},"content":{"rendered":"<section class=\"l-section wpb_row us_custom_a2053579 height_medium with_img with_overlay\"><div class=\"l-section-img\" style=\"background-image: url(https:\/\/ppgartes.eba.ufmg.br\/wp-content\/uploads\/2022\/07\/capa8.jpg);\" data-img-width=\"2000\" data-img-height=\"800\"><\/div><div class=\"l-section-overlay\" style=\"background: rgba(26,26,26,0.50)\"><\/div><div class=\"l-section-h i-cf\"><div class=\"g-cols vc_row type_default valign_top\"><div class=\"vc_col-sm-12 wpb_column vc_column_container\"><div class=\"vc_column-inner\"><div class=\"wpb_wrapper\"><div class=\"w-text us_custom_15798d3e has_text_color\"><span class=\"w-text-h\"><span class=\"w-text-value\">REVISTA P\u00d3S<\/span><\/span><\/div><\/div><\/div><\/div><\/div><\/div><\/section><section class=\"l-section wpb_row height_medium\"><div class=\"l-section-h i-cf\"><div class=\"g-cols vc_row type_default valign_top\"><div class=\"vc_col-sm-12 wpb_column vc_column_container\"><div class=\"vc_column-inner\"><div class=\"wpb_wrapper\"><div class=\"wpb_text_column\" ><div class=\"wpb_wrapper\"><h3><strong>A Revista P\u00d3S<\/strong><\/h3>\n<p>A Revista P\u00d3S (qualis A1) \u00e9 um peri\u00f3dico eletr\u00f4nico editado pelo Programa de P\u00f3s-gradua\u00e7\u00e3o em Artes da Universidade Federal de Minas Gerais. Criada em 2011, aceita artigos, tradu\u00e7\u00f5es, ensaios visuais, resenhas, escritos de artista e entrevistas nas seguintes \u00e1reas da Arte: Artes Pl\u00e1sticas, Visuais e Interartes; Ensino-aprendizagem em Arte; Artes da Cena; Cinema; Po\u00e9ticas Digitais e Preserva\u00e7\u00e3o do Patrim\u00f4nio Cultural. S\u00e3o aceitos materiais originais de doutores ou doutorandos. A avalia\u00e7\u00e3o e \u00e9 feita pelo sistema duplo cego. A Revista \u00e9 de livre acesso para autores e leitores e cont\u00e9m um conselho editorial com grande maioria de membros externos \u00e0 UFMG, incluindo conselheiros internacionais.<\/p>\n<p><a href=\"https:\/\/ppgartes.eba.ufmg.br\/wp-content\/uploads\/2024\/12\/Regulamento-Revista-Pos.pdf\">Regulamento Revista P\u00f3s<\/a><\/p>\n<p><a href=\"https:\/\/periodicos.ufmg.br\/index.php\/revistapos\/index\" target=\"_blank\" rel=\"noopener\">Saiba mais<\/a><\/p>\n<\/div><\/div><\/div><\/div><\/div><\/div><\/div><\/section>\n","protected":false},"excerpt":{"rendered":"","protected":false},"author":1,"featured_media":0,"parent":0,"menu_order":0,"comment_status":"closed","ping_status":"closed","template":"","meta":{"footnotes":""},"class_list":["post-4297","page","type-page","status-publish","hentry"],"_links":{"self":[{"href":"https:\/\/ppgartes.eba.ufmg.br\/index.php?rest_route=\/wp\/v2\/pages\/4297","targetHints":{"allow":["GET"]}}],"collection":[{"href":"https:\/\/ppgartes.eba.ufmg.br\/index.php?rest_route=\/wp\/v2\/pages"}],"about":[{"href":"https:\/\/ppgartes.eba.ufmg.br\/index.php?rest_route=\/wp\/v2\/types\/page"}],"author":[{"embeddable":true,"href":"https:\/\/ppgartes.eba.ufmg.br\/index.php?rest_route=\/wp\/v2\/users\/1"}],"replies":[{"embeddable":true,"href":"https:\/\/ppgartes.eba.ufmg.br\/index.php?rest_route=%2Fwp%2Fv2%2Fcomments&post=4297"}],"version-history":[{"count":5,"href":"https:\/\/ppgartes.eba.ufmg.br\/index.php?rest_route=\/wp\/v2\/pages\/4297\/revisions"}],"predecessor-version":[{"id":9638,"href":"https:\/\/ppgartes.eba.ufmg.br\/index.php?rest_route=\/wp\/v2\/pages\/4297\/revisions\/9638"}],"wp:attachment":[{"href":"https:\/\/ppgartes.eba.ufmg.br\/index.php?rest_route=%2Fwp%2Fv2%2Fmedia&parent=4297"}],"curies":[{"name":"wp","href":"https:\/\/api.w.org\/{rel}","templated":true}]}}