{"id":5069,"date":"2019-04-12T23:00:51","date_gmt":"2019-04-12T23:00:51","guid":{"rendered":"https:\/\/eba.ufmg.br\/pos\/?page_id=5069"},"modified":"2026-01-30T20:42:14","modified_gmt":"2026-01-30T23:42:14","slug":"formularios-e-requerimentos-2","status":"publish","type":"page","link":"https:\/\/ppgartes.eba.ufmg.br\/?page_id=5069","title":{"rendered":"Formul\u00e1rios e Requerimentos"},"content":{"rendered":"<section class=\"l-section wpb_row us_custom_a2053579 height_medium with_img with_overlay\"><div class=\"l-section-img\" style=\"background-image: url(https:\/\/ppgartes.eba.ufmg.br\/wp-content\/uploads\/2022\/08\/capa25.jpg);\" data-img-width=\"2000\" data-img-height=\"800\"><\/div><div class=\"l-section-overlay\" style=\"background: rgba(26,26,26,0.20)\"><\/div><div class=\"l-section-h i-cf\"><div class=\"g-cols vc_row type_default valign_top\"><div class=\"vc_col-sm-12 wpb_column vc_column_container\"><div class=\"vc_column-inner\"><div class=\"wpb_wrapper\"><div class=\"w-text us_custom_15798d3e has_text_color\"><span class=\"w-text-h\"><span class=\"w-text-value\">VIDA DISCENTE<\/span><\/span><\/div><\/div><\/div><\/div><\/div><\/div><\/section><section class=\"l-section wpb_row height_medium\"><div class=\"l-section-h i-cf\"><div class=\"g-cols vc_row type_default valign_top\"><div class=\"vc_col-sm-12 wpb_column vc_column_container\"><div class=\"vc_column-inner\"><div class=\"wpb_wrapper\"><div class=\"wpb_text_column\" ><div class=\"wpb_wrapper\"><h3><strong>Formul\u00e1rios e Requerimentos<\/strong><\/h3>\n<p><a href=\"https:\/\/ppgartes.eba.ufmg.br\/wp-content\/uploads\/2023\/09\/Orientacoes-sobre-Aproveitamento-de-Estudos.pdf\">Orienta\u00e7\u00f5es sobre Aproveitamento de Estudos<\/a><\/p>\n<p><a href=\"https:\/\/ppgartes.eba.ufmg.br\/wp-content\/uploads\/2021\/11\/Formulario-de-acerto-de-matricula.pdf\" data-type=\"URL\" data-id=\"https:\/\/ppgartes.eba.ufmg.br\/wp-content\/uploads\/2021\/11\/Formulario-de-acerto-de-matricula.pdf\">Formul\u00e1rio de Acerto de Matr\u00edcula<\/a><\/p>\n<p><a href=\"https:\/\/ppgartes.eba.ufmg.br\/wp-content\/uploads\/2018\/07\/form-23_Req-MATRICULA-POS_DL.pdf\">Formul\u00e1rio de Matr\u00edcula<\/a><\/p>\n<p><a href=\"https:\/\/ppgartes.eba.ufmg.br\/wp-content\/uploads\/2023\/03\/Formulario-Matricula-Disciplina-ELETIVA-Pos-graduacao.pdf\">Formul\u00e1rio Matricula -Disciplina-ELETIVA Pos-graduacao<\/a><\/p>\n<p><a href=\"https:\/\/ppgartes.eba.ufmg.br\/wp-content\/uploads\/2023\/08\/Formulario-Dilacao-de-prazo.pdf\">Formulario-Dilacao-de-prazo<\/a><\/p>\n<p><a href=\"https:\/\/ppgartes.eba.ufmg.br\/wp-content\/uploads\/2024\/10\/Formulario-de-solicitacao-excepcional-ao-Colegiado.pdf\">Formulario de solicitacao excepcional ao Colegiado<\/a><\/p>\n<p><a href=\"https:\/\/ppgartes.eba.ufmg.br\/wp-content\/uploads\/2026\/01\/Formulario-de-troca-de-orientacao.pdf\">Formulario de troca de orientacao<\/a><\/p>\n<p><a href=\"https:\/\/ppgartes.eba.ufmg.br\/wp-content\/uploads\/2024\/08\/CRONOGRAMA-PARA-PEDIDO-DE-DILACAO-DE-PRAZO-PARA-DEFESA-FINAL.pdf\">CRONOGRAMA PARA PEDIDO DE DILA\u00c7\u00c3O DE PRAZO PARA DEFESA FINAL<\/a><\/p>\n<p><a href=\"https:\/\/ppgartes.eba.ufmg.br\/wp-content\/uploads\/2024\/08\/CRONOGRAMA-PARA-PEDIDO-DE-DILACAO-DE-PRAZO-PARA-QUALIFICACAO-1.pdf\">CRONOGRAMA PARA PEDIDO DE DILA\u00c7\u00c3O DE PRAZO PARA QUALIFICA\u00c7\u00c3O<\/a><\/p>\n<p><a href=\"https:\/\/ppgartes.eba.ufmg.br\/wp-content\/uploads\/2020\/09\/Formulario-Dilacao-Prazo-Licenca-Maternidade.pdf\">Formul\u00e1rio para Dila\u00e7\u00e3o de Prazo Licen\u00e7a Maternidade<\/a><\/p>\n<p><a href=\"https:\/\/ppgartes.eba.ufmg.br\/wp-content\/uploads\/2021\/11\/Formulario-producao-academica.pdf\" data-type=\"URL\" data-id=\"https:\/\/ppgartes.eba.ufmg.br\/wp-content\/uploads\/2021\/11\/Formulario-producao-academica.pdf\">Formul\u00e1rio Produ\u00e7\u00e3o Acad\u00eamica<\/a><\/p>\n<p><a href=\"https:\/\/ppgartes.eba.ufmg.br\/wp-content\/uploads\/2021\/11\/Formulario-Relatorio-Atividades-Artistico-Academicas-solicitacao-de-bolsas.pdf\" data-type=\"URL\" data-id=\"https:\/\/ppgartes.eba.ufmg.br\/wp-content\/uploads\/2021\/11\/Formulario-Relatorio-Atividades-Artistico-Academicas-solicitacao-de-bolsas.pdf\">Relat\u00f3rio de Atividades Art\u00edstico-Acad\u00eamicas<\/a><\/p>\n<p><a href=\"https:\/\/ppgartes.eba.ufmg.br\/wp-content\/uploads\/2023\/10\/Requerimento-de-aproveitamento-de-estudos.pdf\">Requerimento-de-aproveitamento-de-estudos<\/a><\/p>\n<p><a href=\"https:\/\/ppgartes.eba.ufmg.br\/wp-content\/uploads\/2021\/11\/Utilizacao-Nome_Social.pdf\" data-type=\"URL\" data-id=\"https:\/\/ppgartes.eba.ufmg.br\/wp-content\/uploads\/2021\/11\/Utilizacao-Nome_Social.pdf\">Requerimento Inclus\u00e3o de Nome Social<\/a><\/p>\n<p><a href=\"https:\/\/ppgartes.eba.ufmg.br\/wp-content\/uploads\/2019\/04\/Formul\u00e1rio-Isolada.pdf\">Requerimento para Disciplina ISOLADA<\/a><\/p>\n<p><a href=\"https:\/\/ppgartes.eba.ufmg.br\/wp-content\/uploads\/2018\/09\/trancamento-parcial-k010.pdf\">Requerimento de Trancamento PARCIAL<\/a><\/p>\n<p><a href=\"https:\/\/ppgartes.eba.ufmg.br\/wp-content\/uploads\/2023\/08\/form-2_Tranc-TOTAL_-pos-versao-2023b.pdf\">form-2_Tranc-TOTAL_ p\u00f3s vers\u00e3o 2023b<\/a><\/p>\n<p><a href=\"https:\/\/ppgartes.eba.ufmg.br\/wp-content\/uploads\/2022\/11\/Informac\u0327o\u0303es-sobre-Exame-de-Proficie\u0302ncia.pdf\">Informac\u0327o\u0303es sobre Exame de Proficie\u0302ncia<\/a><\/p>\n<p><a href=\"https:\/\/ppgartes.eba.ufmg.br\/wp-content\/uploads\/2025\/08\/Declaracao-de-conhecimento-da-resolucao-de-bolsas.pdf\">Declaracao de conhecimento da resolucao de bolsas<\/a><\/p>\n<p><a href=\"https:\/\/ppgartes.eba.ufmg.br\/wp-content\/uploads\/2025\/08\/Declaracao-de-atividade-remunerada-e-MEI-2.pdf\">Declaracao de atividade remunerada e MEI (2)<\/a><\/p>\n<\/div><\/div><\/div><\/div><\/div><\/div><\/div><\/section>\n","protected":false},"excerpt":{"rendered":"","protected":false},"author":1,"featured_media":0,"parent":8217,"menu_order":0,"comment_status":"closed","ping_status":"closed","template":"","meta":{"footnotes":""},"class_list":["post-5069","page","type-page","status-publish","hentry"],"_links":{"self":[{"href":"https:\/\/ppgartes.eba.ufmg.br\/index.php?rest_route=\/wp\/v2\/pages\/5069","targetHints":{"allow":["GET"]}}],"collection":[{"href":"https:\/\/ppgartes.eba.ufmg.br\/index.php?rest_route=\/wp\/v2\/pages"}],"about":[{"href":"https:\/\/ppgartes.eba.ufmg.br\/index.php?rest_route=\/wp\/v2\/types\/page"}],"author":[{"embeddable":true,"href":"https:\/\/ppgartes.eba.ufmg.br\/index.php?rest_route=\/wp\/v2\/users\/1"}],"replies":[{"embeddable":true,"href":"https:\/\/ppgartes.eba.ufmg.br\/index.php?rest_route=%2Fwp%2Fv2%2Fcomments&post=5069"}],"version-history":[{"count":7,"href":"https:\/\/ppgartes.eba.ufmg.br\/index.php?rest_route=\/wp\/v2\/pages\/5069\/revisions"}],"predecessor-version":[{"id":10402,"href":"https:\/\/ppgartes.eba.ufmg.br\/index.php?rest_route=\/wp\/v2\/pages\/5069\/revisions\/10402"}],"up":[{"embeddable":true,"href":"https:\/\/ppgartes.eba.ufmg.br\/index.php?rest_route=\/wp\/v2\/pages\/8217"}],"wp:attachment":[{"href":"https:\/\/ppgartes.eba.ufmg.br\/index.php?rest_route=%2Fwp%2Fv2%2Fmedia&parent=5069"}],"curies":[{"name":"wp","href":"https:\/\/api.w.org\/{rel}","templated":true}]}}