{"id":7770,"date":"2022-06-25T17:39:26","date_gmt":"2022-06-25T20:39:26","guid":{"rendered":"http:\/\/localhost\/ufmg\/?page_id=7770"},"modified":"2026-03-07T07:17:51","modified_gmt":"2026-03-07T10:17:51","slug":"home","status":"publish","type":"page","link":"https:\/\/ppgartes.eba.ufmg.br\/","title":{"rendered":"Home"},"content":{"rendered":"<section class=\"l-section wpb_row height_auto width_full\"><div class=\"l-section-h i-cf\"><div class=\"g-cols vc_row type_default valign_top\"><div class=\"vc_col-sm-12 wpb_column vc_column_container\"><div class=\"vc_column-inner\"><div class=\"wpb_wrapper\"><\/div><\/div><\/div><\/div><\/div><\/section><section class=\"l-section wpb_row height_medium\"><div class=\"l-section-h i-cf\"><div class=\"g-cols vc_row type_default valign_top\"><div class=\"vc_col-sm-12 wpb_column vc_column_container\"><div class=\"vc_column-inner\"><div class=\"wpb_wrapper\"><div class=\"w-separator size_custom\" style=\"height:15px\"><\/div><div class=\"w-grid type_masonry layout_7904 cols_3 with_isotope\" id=\"us_grid_1\" data-filterable=\"true\"><style id=\"us_grid_1_css\">#us_grid_1 .w-grid-item{padding:1.5rem}#us_grid_1 .w-grid-list{margin:-1.5rem}.w-grid + #us_grid_1 .w-grid-list{margin-top:1.5rem}@media (max-width:899px){#us_grid_1 .w-grid-item{width:50.0000%}}@media (max-width:599px){#us_grid_1 .w-grid-list{margin:0}#us_grid_1 .w-grid-item{width:100.0000%;padding:0;margin-bottom:1.5rem}}<\/style><style>.layout_7904 .w-grid-item-h{}.layout_7904 .usg_post_title_1{text-transform:uppercase!important;font-size:18px!important;line-height:1.1!important;margin-bottom:0.2rem!important;position:relative!important}.layout_7904 .usg_post_date_1{color:#D90000!important;font-weight:400!important;font-size:12px!important;margin-bottom:2px!important}.layout_7904 .usg_post_content_1{font-size:14px!important;line-height:20px!important}.layout_7904 .usg_vwrapper_1{margin-right:2rem!important;position:relative!important;left:0!important;top:-40px!important;bottom:0!important;background:var(--color-alt-content-bg)!important}@media (max-width:599px){.layout_7904 .usg_post_title_1{font-size:1.8rem!important}}<\/style><div class=\"w-grid-list\" >\t<article class=\"w-grid-item size_1x1 post-10431 post type-post status-publish format-standard has-post-thumbnail hentry category-noticias\" data-id=\"10431\">\r\n\t\t<div class=\"w-grid-item-h\">\r\n\t\t\t\t\t\t<div class=\"w-post-elm post_image usg_post_image_1 stretched\"><a href=\"https:\/\/ppgartes.eba.ufmg.br\/?p=10431\" aria-label=\"Publicado Edital N\u00ba22\/2026 para alunos de gradua\u00e7\u00e3o \u2013 Est\u00e1gio N\u00e3o Obrigat\u00f3rio \u2013 SIGEPE\"><img loading=\"lazy\" decoding=\"async\" width=\"998\" height=\"1024\" src=\"https:\/\/ppgartes.eba.ufmg.br\/wp-content\/uploads\/2026\/02\/IMG_7565-998x1024.jpg\" class=\"attachment-large size-large wp-post-image\" alt=\"\" srcset=\"https:\/\/ppgartes.eba.ufmg.br\/wp-content\/uploads\/2026\/02\/IMG_7565-998x1024.jpg 998w, https:\/\/ppgartes.eba.ufmg.br\/wp-content\/uploads\/2026\/02\/IMG_7565-292x300.jpg 292w\" sizes=\"auto, (max-width: 998px) 100vw, 998px\" \/><\/a><\/div><div class=\"w-vwrapper usg_vwrapper_1 align_left valign_top\"><time class=\"w-post-elm post_date usg_post_date_1 entry-date published\" datetime=\"2026-03-02T23:10:06-03:00\">2 de mar\u00e7o de 2026<\/time><h2 class=\"w-post-elm post_title usg_post_title_1 entry-title color_link_inherit\"><a href=\"https:\/\/ppgartes.eba.ufmg.br\/?p=10431\">Publicado Edital N\u00ba22\/2026 para alunos de gradua\u00e7\u00e3o \u2013 Est\u00e1gio N\u00e3o Obrigat\u00f3rio \u2013 SIGEPE<\/a><\/h2><a class=\"w-btn us-btn-style_4 usg_btn_1 icon_atleft\" href=\"https:\/\/ppgartes.eba.ufmg.br\/?p=10431\"><i class=\"fas fa-long-arrow-right\"><\/i><span class=\"w-btn-label\">saiba mais<\/span><\/a><\/div>\t\t<\/div>\r\n\t<\/article>\r\n\t<article class=\"w-grid-item size_1x1 post-10397 post type-post status-publish format-standard has-post-thumbnail hentry category-noticias category-sem-categoria\" data-id=\"10397\">\r\n\t\t<div class=\"w-grid-item-h\">\r\n\t\t\t\t\t\t<div class=\"w-post-elm post_image usg_post_image_1 stretched\"><a href=\"https:\/\/ppgartes.eba.ufmg.br\/?p=10397\" aria-label=\"Divulgados editais regular e suplementar de mestrado e doutorado 2026\"><img loading=\"lazy\" decoding=\"async\" width=\"1024\" height=\"640\" src=\"https:\/\/ppgartes.eba.ufmg.br\/wp-content\/uploads\/2024\/02\/gold-texture-background-wallpaper-2560x1600_7-1024x640.jpg\" class=\"attachment-large size-large wp-post-image\" alt=\"\" srcset=\"https:\/\/ppgartes.eba.ufmg.br\/wp-content\/uploads\/2024\/02\/gold-texture-background-wallpaper-2560x1600_7-1024x640.jpg 1024w, https:\/\/ppgartes.eba.ufmg.br\/wp-content\/uploads\/2024\/02\/gold-texture-background-wallpaper-2560x1600_7-300x188.jpg 300w\" sizes=\"auto, (max-width: 1024px) 100vw, 1024px\" \/><\/a><\/div><div class=\"w-vwrapper usg_vwrapper_1 align_left valign_top\"><time class=\"w-post-elm post_date usg_post_date_1 entry-date published\" datetime=\"2026-01-28T17:36:35-03:00\">28 de janeiro de 2026<\/time><h2 class=\"w-post-elm post_title usg_post_title_1 entry-title color_link_inherit\"><a href=\"https:\/\/ppgartes.eba.ufmg.br\/?p=10397\">Divulgados editais regular e suplementar de mestrado e doutorado 2026<\/a><\/h2><a class=\"w-btn us-btn-style_4 usg_btn_1 icon_atleft\" href=\"https:\/\/ppgartes.eba.ufmg.br\/?p=10397\"><i class=\"fas fa-long-arrow-right\"><\/i><span class=\"w-btn-label\">saiba mais<\/span><\/a><\/div>\t\t<\/div>\r\n\t<\/article>\r\n\t<article class=\"w-grid-item size_1x1 post-10394 post type-post status-publish format-standard has-post-thumbnail hentry category-sem-categoria\" data-id=\"10394\">\r\n\t\t<div class=\"w-grid-item-h\">\r\n\t\t\t\t\t\t<div class=\"w-post-elm post_image usg_post_image_1 stretched\"><a href=\"https:\/\/ppgartes.eba.ufmg.br\/?p=10394\" aria-label=\"Disciplinas Isoladas 2026.1\"><img loading=\"lazy\" decoding=\"async\" width=\"728\" height=\"455\" src=\"https:\/\/ppgartes.eba.ufmg.br\/wp-content\/uploads\/2024\/02\/abstracto-decoracion-madera-textura-wallpaper-preview.jpg\" class=\"attachment-large size-large wp-post-image\" alt=\"\" srcset=\"https:\/\/ppgartes.eba.ufmg.br\/wp-content\/uploads\/2024\/02\/abstracto-decoracion-madera-textura-wallpaper-preview.jpg 728w, https:\/\/ppgartes.eba.ufmg.br\/wp-content\/uploads\/2024\/02\/abstracto-decoracion-madera-textura-wallpaper-preview-300x188.jpg 300w\" sizes=\"auto, (max-width: 728px) 100vw, 728px\" \/><\/a><\/div><div class=\"w-vwrapper usg_vwrapper_1 align_left valign_top\"><time class=\"w-post-elm post_date usg_post_date_1 entry-date published\" datetime=\"2026-01-28T17:31:18-03:00\">28 de janeiro de 2026<\/time><h2 class=\"w-post-elm post_title usg_post_title_1 entry-title color_link_inherit\"><a href=\"https:\/\/ppgartes.eba.ufmg.br\/?p=10394\">Disciplinas Isoladas 2026.1<\/a><\/h2><a class=\"w-btn us-btn-style_4 usg_btn_1 icon_atleft\" href=\"https:\/\/ppgartes.eba.ufmg.br\/?p=10394\"><i class=\"fas fa-long-arrow-right\"><\/i><span class=\"w-btn-label\">saiba mais<\/span><\/a><\/div>\t\t<\/div>\r\n\t<\/article>\r\n\t<article class=\"w-grid-item size_1x1 post-10333 post type-post status-publish format-standard has-post-thumbnail hentry category-noticias\" data-id=\"10333\">\r\n\t\t<div class=\"w-grid-item-h\">\r\n\t\t\t\t\t\t<div class=\"w-post-elm post_image usg_post_image_1 stretched\"><a href=\"https:\/\/ppgartes.eba.ufmg.br\/?p=10333\" aria-label=\"Publicados Quadro de disciplinas e ement\u00e1rios resumido e detalhado de 2026.1\"><img loading=\"lazy\" decoding=\"async\" width=\"728\" height=\"455\" src=\"https:\/\/ppgartes.eba.ufmg.br\/wp-content\/uploads\/2024\/02\/abstracto-decoracion-madera-textura-wallpaper-preview.jpg\" class=\"attachment-large size-large wp-post-image\" alt=\"\" srcset=\"https:\/\/ppgartes.eba.ufmg.br\/wp-content\/uploads\/2024\/02\/abstracto-decoracion-madera-textura-wallpaper-preview.jpg 728w, https:\/\/ppgartes.eba.ufmg.br\/wp-content\/uploads\/2024\/02\/abstracto-decoracion-madera-textura-wallpaper-preview-300x188.jpg 300w\" sizes=\"auto, (max-width: 728px) 100vw, 728px\" \/><\/a><\/div><div class=\"w-vwrapper usg_vwrapper_1 align_left valign_top\"><time class=\"w-post-elm post_date usg_post_date_1 entry-date published\" datetime=\"2025-12-17T18:27:47-03:00\">17 de dezembro de 2025<\/time><h2 class=\"w-post-elm post_title usg_post_title_1 entry-title color_link_inherit\"><a href=\"https:\/\/ppgartes.eba.ufmg.br\/?p=10333\">Publicados Quadro de disciplinas e ement\u00e1rios resumido e detalhado de 2026.1<\/a><\/h2><a class=\"w-btn us-btn-style_4 usg_btn_1 icon_atleft\" href=\"https:\/\/ppgartes.eba.ufmg.br\/?p=10333\"><i class=\"fas fa-long-arrow-right\"><\/i><span class=\"w-btn-label\">saiba mais<\/span><\/a><\/div>\t\t<\/div>\r\n\t<\/article>\r\n\t<article class=\"w-grid-item size_1x1 post-10330 post type-post status-publish format-standard has-post-thumbnail hentry category-sem-categoria\" data-id=\"10330\">\r\n\t\t<div class=\"w-grid-item-h\">\r\n\t\t\t\t\t\t<div class=\"w-post-elm post_image usg_post_image_1 stretched\"><a href=\"https:\/\/ppgartes.eba.ufmg.br\/?p=10330\" aria-label=\"Convite para Defesa de Doutorado de Marcus Vinicius de Oliveira Andrade\"><img loading=\"lazy\" decoding=\"async\" width=\"819\" height=\"1024\" src=\"https:\/\/ppgartes.eba.ufmg.br\/wp-content\/uploads\/2025\/12\/Convite-Defesa-MVOA-819x1024.png\" class=\"attachment-large size-large wp-post-image\" alt=\"\" srcset=\"https:\/\/ppgartes.eba.ufmg.br\/wp-content\/uploads\/2025\/12\/Convite-Defesa-MVOA-819x1024.png 819w, https:\/\/ppgartes.eba.ufmg.br\/wp-content\/uploads\/2025\/12\/Convite-Defesa-MVOA-240x300.png 240w, https:\/\/ppgartes.eba.ufmg.br\/wp-content\/uploads\/2025\/12\/Convite-Defesa-MVOA.png 1080w\" sizes=\"auto, (max-width: 819px) 100vw, 819px\" \/><\/a><\/div><div class=\"w-vwrapper usg_vwrapper_1 align_left valign_top\"><time class=\"w-post-elm post_date usg_post_date_1 entry-date published\" datetime=\"2025-12-17T10:42:19-03:00\">17 de dezembro de 2025<\/time><h2 class=\"w-post-elm post_title usg_post_title_1 entry-title color_link_inherit\"><a href=\"https:\/\/ppgartes.eba.ufmg.br\/?p=10330\">Convite para Defesa de Doutorado de Marcus Vinicius de Oliveira Andrade<\/a><\/h2><a class=\"w-btn us-btn-style_4 usg_btn_1 icon_atleft\" href=\"https:\/\/ppgartes.eba.ufmg.br\/?p=10330\"><i class=\"fas fa-long-arrow-right\"><\/i><span class=\"w-btn-label\">saiba mais<\/span><\/a><\/div>\t\t<\/div>\r\n\t<\/article>\r\n\t<article class=\"w-grid-item size_1x1 post-10324 post type-post status-publish format-standard has-post-thumbnail hentry category-sem-categoria\" data-id=\"10324\">\r\n\t\t<div class=\"w-grid-item-h\">\r\n\t\t\t\t\t\t<div class=\"w-post-elm post_image usg_post_image_1 stretched\"><a href=\"https:\/\/ppgartes.eba.ufmg.br\/?p=10324\" aria-label=\"Convite para Defesa de Doutorado de \u00cdcaro Moreno Ramos\"><img loading=\"lazy\" decoding=\"async\" width=\"819\" height=\"1024\" src=\"https:\/\/ppgartes.eba.ufmg.br\/wp-content\/uploads\/2025\/12\/Defesa-icaro-mroeno-ramos-2025-819x1024.jpeg\" class=\"attachment-large size-large wp-post-image\" alt=\"\" srcset=\"https:\/\/ppgartes.eba.ufmg.br\/wp-content\/uploads\/2025\/12\/Defesa-icaro-mroeno-ramos-2025-819x1024.jpeg 819w, https:\/\/ppgartes.eba.ufmg.br\/wp-content\/uploads\/2025\/12\/Defesa-icaro-mroeno-ramos-2025-240x300.jpeg 240w, https:\/\/ppgartes.eba.ufmg.br\/wp-content\/uploads\/2025\/12\/Defesa-icaro-mroeno-ramos-2025-scaled.jpeg 2048w\" sizes=\"auto, (max-width: 819px) 100vw, 819px\" \/><\/a><\/div><div class=\"w-vwrapper usg_vwrapper_1 align_left valign_top\"><time class=\"w-post-elm post_date usg_post_date_1 entry-date published\" datetime=\"2025-12-11T09:02:16-03:00\">11 de dezembro de 2025<\/time><h2 class=\"w-post-elm post_title usg_post_title_1 entry-title color_link_inherit\"><a href=\"https:\/\/ppgartes.eba.ufmg.br\/?p=10324\">Convite para Defesa de Doutorado de \u00cdcaro Moreno Ramos<\/a><\/h2><a class=\"w-btn us-btn-style_4 usg_btn_1 icon_atleft\" href=\"https:\/\/ppgartes.eba.ufmg.br\/?p=10324\"><i class=\"fas fa-long-arrow-right\"><\/i><span class=\"w-btn-label\">saiba mais<\/span><\/a><\/div>\t\t<\/div>\r\n\t<\/article>\r\n<\/div><div class=\"w-grid-preloader\"><div class=\"g-preloader type_1\">\r\n\t<div><\/div>\r\n<\/div>\r\n<\/div>\t<div class=\"w-grid-json hidden\" onclick='return {&quot;action&quot;:&quot;us_ajax_grid&quot;,&quot;ajax_url&quot;:&quot;https:\\\/\\\/ppgartes.eba.ufmg.br\\\/wp-admin\\\/admin-ajax.php&quot;,&quot;infinite_scroll&quot;:0,&quot;max_num_pages&quot;:142,&quot;pagination&quot;:&quot;none&quot;,&quot;permalink_url&quot;:&quot;https:\\\/\\\/ppgartes.eba.ufmg.br&quot;,&quot;template_vars&quot;:{&quot;columns&quot;:&quot;3&quot;,&quot;exclude_items&quot;:&quot;none&quot;,&quot;img_size&quot;:&quot;default&quot;,&quot;ignore_items_size&quot;:false,&quot;items_layout&quot;:&quot;7904&quot;,&quot;items_offset&quot;:&quot;1&quot;,&quot;load_animation&quot;:&quot;none&quot;,&quot;overriding_link&quot;:&quot;none&quot;,&quot;post_id&quot;:7770,&quot;query_args&quot;:{&quot;post_type&quot;:[&quot;post&quot;],&quot;post_status&quot;:[&quot;publish&quot;],&quot;posts_per_page&quot;:&quot;6&quot;},&quot;orderby_query_args&quot;:{&quot;orderby&quot;:{&quot;date&quot;:&quot;DESC&quot;}},&quot;type&quot;:&quot;masonry&quot;,&quot;us_grid_ajax_index&quot;:1,&quot;us_grid_filter_params&quot;:null,&quot;us_grid_index&quot;:1,&quot;_us_grid_post_type&quot;:&quot;post&quot;}}'><\/div>\r\n\t<\/div><\/div><\/div><\/div><\/div><\/div><\/section><section class=\"l-section wpb_row us_custom_e11ab399 height_medium\"><div class=\"l-section-h i-cf\"><div class=\"g-cols vc_row type_default valign_top\"><div class=\"vc_col-sm-12 wpb_column vc_column_container\"><div class=\"vc_column-inner\"><div class=\"wpb_wrapper\"><\/div><\/div><\/div><\/div><\/div><\/section><section class=\"l-section wpb_row us_custom_f3f68ac4 height_medium\"><div class=\"l-section-h i-cf\"><div class=\"g-cols vc_row type_default valign_top\"><div class=\"vc_col-sm-6 wpb_column vc_column_container\"><div class=\"vc_column-inner\"><div class=\"wpb_wrapper\"><div class=\"w-image align_none\"><div class=\"w-image-h\"><img loading=\"lazy\" decoding=\"async\" width=\"2000\" height=\"800\" src=\"https:\/\/ppgartes.eba.ufmg.br\/wp-content\/uploads\/2022\/08\/capa5.jpg\" class=\"attachment-full size-full\" alt=\"\" srcset=\"https:\/\/ppgartes.eba.ufmg.br\/wp-content\/uploads\/2022\/08\/capa5.jpg 2000w, https:\/\/ppgartes.eba.ufmg.br\/wp-content\/uploads\/2022\/08\/capa5-300x120.jpg 300w, https:\/\/ppgartes.eba.ufmg.br\/wp-content\/uploads\/2022\/08\/capa5-1024x410.jpg 1024w\" sizes=\"auto, (max-width: 2000px) 100vw, 2000px\" \/><\/div><\/div><div class=\"g-cols wpb_row  us_custom_324e3056 type_default valign_top vc_inner\"><div class=\"vc_col-sm-12 wpb_column vc_column_container\"><div class=\"vc_column-inner\"><div class=\"wpb_wrapper\"><h4 class=\"w-text us_custom_24eb1271 has_text_color\"><span class=\"w-text-h\"><span class=\"w-text-value\">REGULAMENTO E RESOLU\u00c7\u00d5ES<\/span><\/span><\/h4><div class=\"w-text us_custom_97ca23b3\"><span class=\"w-text-h\"><span class=\"w-text-value\">Clique para obter mais informa\u00e7\u00f5es.<\/span><\/span><\/div><div class=\"w-separator size_small\"><\/div><div class=\"w-btn-wrapper width_auto align_left\"><a class=\"w-btn us-btn-style_1\" title=\"Regulamento e Resolu\u00e7\u00f5es\" href=\"https:\/\/ppgartes.eba.ufmg.br\/?page_id=205\"><span class=\"w-btn-label\">SAIBA MAIS<\/span><\/a><\/div><\/div><\/div><\/div><\/div><\/div><\/div><\/div><div class=\"vc_col-sm-6 wpb_column vc_column_container\"><div class=\"vc_column-inner\"><div class=\"wpb_wrapper\"><div class=\"w-image align_none\"><div class=\"w-image-h\"><img loading=\"lazy\" decoding=\"async\" width=\"2000\" height=\"800\" src=\"https:\/\/ppgartes.eba.ufmg.br\/wp-content\/uploads\/2022\/08\/capa25.jpg\" class=\"attachment-full size-full\" alt=\"\" srcset=\"https:\/\/ppgartes.eba.ufmg.br\/wp-content\/uploads\/2022\/08\/capa25.jpg 2000w, https:\/\/ppgartes.eba.ufmg.br\/wp-content\/uploads\/2022\/08\/capa25-300x120.jpg 300w, https:\/\/ppgartes.eba.ufmg.br\/wp-content\/uploads\/2022\/08\/capa25-1024x410.jpg 1024w\" sizes=\"auto, (max-width: 2000px) 100vw, 2000px\" \/><\/div><\/div><div class=\"g-cols wpb_row  us_custom_324e3056 type_default valign_top vc_inner\"><div class=\"vc_col-sm-12 wpb_column vc_column_container\"><div class=\"vc_column-inner\"><div class=\"wpb_wrapper\"><h4 class=\"w-text us_custom_24eb1271 has_text_color\"><span class=\"w-text-h\"><span class=\"w-text-value\">RESID\u00caNCIA P\u00d3S-DOUTORAL<\/span><\/span><\/h4><div class=\"w-text us_custom_97ca23b3\"><span class=\"w-text-h\"><span class=\"w-text-value\">Clique para obter mais informa\u00e7\u00f5es.<\/span><\/span><\/div><div class=\"w-separator size_small\"><\/div><div class=\"w-btn-wrapper width_auto align_left\"><a class=\"w-btn us-btn-style_1\" href=\"https:\/\/ppgartes.eba.ufmg.br\/?page_id=5309\"><span class=\"w-btn-label\">SAIBA MAIS<\/span><\/a><\/div><\/div><\/div><\/div><\/div><\/div><\/div><\/div><\/div><\/div><\/section>\n","protected":false},"excerpt":{"rendered":"","protected":false},"author":1,"featured_media":0,"parent":0,"menu_order":0,"comment_status":"closed","ping_status":"closed","template":"","meta":{"footnotes":""},"class_list":["post-7770","page","type-page","status-publish","hentry"],"_links":{"self":[{"href":"https:\/\/ppgartes.eba.ufmg.br\/index.php?rest_route=\/wp\/v2\/pages\/7770","targetHints":{"allow":["GET"]}}],"collection":[{"href":"https:\/\/ppgartes.eba.ufmg.br\/index.php?rest_route=\/wp\/v2\/pages"}],"about":[{"href":"https:\/\/ppgartes.eba.ufmg.br\/index.php?rest_route=\/wp\/v2\/types\/page"}],"author":[{"embeddable":true,"href":"https:\/\/ppgartes.eba.ufmg.br\/index.php?rest_route=\/wp\/v2\/users\/1"}],"replies":[{"embeddable":true,"href":"https:\/\/ppgartes.eba.ufmg.br\/index.php?rest_route=%2Fwp%2Fv2%2Fcomments&post=7770"}],"version-history":[{"count":7,"href":"https:\/\/ppgartes.eba.ufmg.br\/index.php?rest_route=\/wp\/v2\/pages\/7770\/revisions"}],"predecessor-version":[{"id":10470,"href":"https:\/\/ppgartes.eba.ufmg.br\/index.php?rest_route=\/wp\/v2\/pages\/7770\/revisions\/10470"}],"wp:attachment":[{"href":"https:\/\/ppgartes.eba.ufmg.br\/index.php?rest_route=%2Fwp%2Fv2%2Fmedia&parent=7770"}],"curies":[{"name":"wp","href":"https:\/\/api.w.org\/{rel}","templated":true}]}}