{"id":8050,"date":"2022-08-04T19:51:28","date_gmt":"2022-08-04T22:51:28","guid":{"rendered":"http:\/\/vvz.com.br\/ufmg\/?page_id=8050"},"modified":"2022-08-08T20:27:10","modified_gmt":"2022-08-08T23:27:10","slug":"sobre-o-programa","status":"publish","type":"page","link":"https:\/\/ppgartes.eba.ufmg.br\/?page_id=8050","title":{"rendered":"Sobre o Programa"},"content":{"rendered":"<section class=\"l-section wpb_row us_custom_a2053579 height_medium with_img with_overlay\"><div class=\"l-section-img\" style=\"background-image: url(https:\/\/ppgartes.eba.ufmg.br\/wp-content\/uploads\/2022\/08\/capa3.jpg);background-position: top center;\" data-img-width=\"2000\" data-img-height=\"800\"><\/div><div class=\"l-section-overlay\" style=\"background: rgba(26,26,26,0.20)\"><\/div><div class=\"l-section-h i-cf\"><div class=\"g-cols vc_row type_default valign_top\"><div class=\"vc_col-sm-12 wpb_column vc_column_container\"><div class=\"vc_column-inner\"><div class=\"wpb_wrapper\"><div class=\"w-text us_custom_83d2172e has_text_color\"><span class=\"w-text-h\"><span class=\"w-text-value\">PPG Artes<\/span><\/span><\/div><\/div><\/div><\/div><\/div><\/div><\/section><section class=\"l-section wpb_row height_medium\"><div class=\"l-section-h i-cf\"><div class=\"g-cols vc_row type_default valign_top\"><div class=\"vc_col-sm-1 wpb_column vc_column_container\"><div class=\"vc_column-inner\"><div class=\"wpb_wrapper\"><\/div><\/div><\/div><div class=\"vc_col-sm-10 wpb_column vc_column_container\"><div class=\"vc_column-inner\"><div class=\"wpb_wrapper\"><div class=\"wpb_text_column\" ><div class=\"wpb_wrapper\"><h3><strong>Sobre o Programa<\/strong><\/h3>\n<p>O Programa tem uma \u00fanica \u00e1rea de concentra\u00e7\u00e3o, Artes, e est\u00e1 ancorado em seis linhas de pesquisa. O Processo de Sele\u00e7\u00e3o se d\u00e1 por linha de pesquisa. Cada linha tem seu rol de disciplinas e campos de orienta\u00e7\u00e3o espec\u00edficos.<\/p>\n<p>A excel\u00eancia do corpo docente se reflete no fato de que v\u00e1rios docentes s\u00e3o bolsistas de produtividade em pesquisa do CNPq e\/ou Pesquisador Mineiro da FAPEMIG, levando em considera\u00e7\u00e3o a escassa disponibilidade de bolsas dessa categoria na \u00e1rea de Artes. Tamb\u00e9m se destaca a efetiva participa\u00e7\u00e3o de nossos docentes como artistas das diversas \u00e1reas em eventos de relev\u00e2ncia nacional e internacional. A diversidade na forma\u00e7\u00e3o do corpo docente \u00e9 outro fato de relev\u00e2ncia, dado que a maioria dos docentes obteve seu doutorado em universidades de primeira linha no Brasil e no exterior.<\/p>\n<p>A \u00eanfase na excel\u00eancia da forma\u00e7\u00e3o de recursos humanos tem atra\u00eddo talentos de todas as partes do Brasil, assim como de diversos pa\u00edses incluindo Argentina, Col\u00f4mbia, Venezuela, Espanha, dentre outros. A maioria dos doutores e mestres formados atua na academia e uma por\u00e7\u00e3o significativa atua na \u00e1rea de Artes como artistas e\/ou curadores, destacando-se a Bienal de Arte de S\u00e3o Paulo, IPHAN, Museu da Imagem e do Som, Editora Javali, Festival Internacional de Teatro de Belo Horizonte, Festival de Inverno da UFMG, Inverno Cultural da UFSJ, Festival de Inverno da UFOP, entre outros.<\/p>\n<\/div><\/div><\/div><\/div><\/div><div class=\"vc_col-sm-1 wpb_column vc_column_container\"><div class=\"vc_column-inner\"><div class=\"wpb_wrapper\"><\/div><\/div><\/div><\/div><\/div><\/section>\n","protected":false},"excerpt":{"rendered":"","protected":false},"author":1,"featured_media":0,"parent":0,"menu_order":0,"comment_status":"closed","ping_status":"closed","template":"","meta":{"footnotes":""},"class_list":["post-8050","page","type-page","status-publish","hentry"],"_links":{"self":[{"href":"https:\/\/ppgartes.eba.ufmg.br\/index.php?rest_route=\/wp\/v2\/pages\/8050","targetHints":{"allow":["GET"]}}],"collection":[{"href":"https:\/\/ppgartes.eba.ufmg.br\/index.php?rest_route=\/wp\/v2\/pages"}],"about":[{"href":"https:\/\/ppgartes.eba.ufmg.br\/index.php?rest_route=\/wp\/v2\/types\/page"}],"author":[{"embeddable":true,"href":"https:\/\/ppgartes.eba.ufmg.br\/index.php?rest_route=\/wp\/v2\/users\/1"}],"replies":[{"embeddable":true,"href":"https:\/\/ppgartes.eba.ufmg.br\/index.php?rest_route=%2Fwp%2Fv2%2Fcomments&post=8050"}],"version-history":[{"count":4,"href":"https:\/\/ppgartes.eba.ufmg.br\/index.php?rest_route=\/wp\/v2\/pages\/8050\/revisions"}],"predecessor-version":[{"id":8150,"href":"https:\/\/ppgartes.eba.ufmg.br\/index.php?rest_route=\/wp\/v2\/pages\/8050\/revisions\/8150"}],"wp:attachment":[{"href":"https:\/\/ppgartes.eba.ufmg.br\/index.php?rest_route=%2Fwp%2Fv2%2Fmedia&parent=8050"}],"curies":[{"name":"wp","href":"https:\/\/api.w.org\/{rel}","templated":true}]}}

<section class="l-section wpb_row us_custom_a2053579 height_medium with_img with_overlay"><div class="l-section-img" style="background-image: url(https://ppgartes.eba.ufmg.br/wp-content/uploads/2022/08/capa3.jpg);background-position: top center;" data-img-width="2000" data-img-height="800"></div><div class="l-section-overlay" style="background: rgba(26,26,26,0.20)"></div><div class="l-section-h i-cf"><div class="g-cols vc_row type_default valign_top"><div class="vc_col-sm-12 wpb_column vc_column_container"><div class="vc_column-inner"><div class="wpb_wrapper"><div class="w-text us_custom_83d2172e has_text_color"><span class="w-text-h"><span class="w-text-value">PPG Artes</span></span></div></div></div></div></div></div></section><section class="l-section wpb_row height_medium"><div class="l-section-h i-cf"><div class="g-cols vc_row type_default valign_top"><div class="vc_col-sm-1 wpb_column vc_column_container"><div class="vc_column-inner"><div class="wpb_wrapper"></div></div></div><div class="vc_col-sm-10 wpb_column vc_column_container"><div class="vc_column-inner"><div class="wpb_wrapper"><div class="wpb_text_column" ><div class="wpb_wrapper"><h3><strong>Sobre o Programa</strong></h3>
<p>O Programa tem uma única área de concentração, Artes, e está ancorado em seis linhas de pesquisa. O Processo de Seleção se dá por linha de pesquisa. Cada linha tem seu rol de disciplinas e campos de orientação específicos.</p>
<p>A excelência do corpo docente se reflete no fato de que vários docentes são bolsistas de produtividade em pesquisa do CNPq e/ou Pesquisador Mineiro da FAPEMIG, levando em consideração a escassa disponibilidade de bolsas dessa categoria na área de Artes. Também se destaca a efetiva participação de nossos docentes como artistas das diversas áreas em eventos de relevância nacional e internacional. A diversidade na formação do corpo docente é outro fato de relevância, dado que a maioria dos docentes obteve seu doutorado em universidades de primeira linha no Brasil e no exterior.</p>
<p>A ênfase na excelência da formação de recursos humanos tem atraído talentos de todas as partes do Brasil, assim como de diversos países incluindo Argentina, Colômbia, Venezuela, Espanha, dentre outros. A maioria dos doutores e mestres formados atua na academia e uma porção significativa atua na área de Artes como artistas e/ou curadores, destacando-se a Bienal de Arte de São Paulo, IPHAN, Museu da Imagem e do Som, Editora Javali, Festival Internacional de Teatro de Belo Horizonte, Festival de Inverno da UFMG, Inverno Cultural da UFSJ, Festival de Inverno da UFOP, entre outros.</p>
</div></div></div></div></div><div class="vc_col-sm-1 wpb_column vc_column_container"><div class="vc_column-inner"><div class="wpb_wrapper"></div></div></div></div></div></section>
