{"id":8053,"date":"2022-08-04T19:56:46","date_gmt":"2022-08-04T22:56:46","guid":{"rendered":"http:\/\/vvz.com.br\/ufmg\/?page_id=8053"},"modified":"2022-08-08T20:27:36","modified_gmt":"2022-08-08T23:27:36","slug":"objetivos-do-programa","status":"publish","type":"page","link":"https:\/\/ppgartes.eba.ufmg.br\/?page_id=8053","title":{"rendered":"Objetivos do Programa"},"content":{"rendered":"<section class=\"l-section wpb_row us_custom_a2053579 height_medium with_img with_overlay\"><div class=\"l-section-img\" style=\"background-image: url(https:\/\/ppgartes.eba.ufmg.br\/wp-content\/uploads\/2022\/08\/capa4.jpg);\" data-img-width=\"2000\" data-img-height=\"800\"><\/div><div class=\"l-section-overlay\" style=\"background: rgba(26,26,26,0.20)\"><\/div><div class=\"l-section-h i-cf\"><div class=\"g-cols vc_row type_default valign_top\"><div class=\"vc_col-sm-12 wpb_column vc_column_container\"><div class=\"vc_column-inner\"><div class=\"wpb_wrapper\"><div class=\"w-text us_custom_83d2172e has_text_color\"><span class=\"w-text-h\"><span class=\"w-text-value\">PPG Artes<\/span><\/span><\/div><\/div><\/div><\/div><\/div><\/div><\/section><section class=\"l-section wpb_row height_medium\"><div class=\"l-section-h i-cf\"><div class=\"g-cols vc_row type_default valign_top\"><div class=\"vc_col-sm-1 wpb_column vc_column_container\"><div class=\"vc_column-inner\"><div class=\"wpb_wrapper\"><\/div><\/div><\/div><div class=\"vc_col-sm-10 wpb_column vc_column_container\"><div class=\"vc_column-inner\"><div class=\"wpb_wrapper\"><div class=\"wpb_text_column\" ><div class=\"wpb_wrapper\"><h3><strong>Objetivos do Programa<\/strong><\/h3>\n<p>O objetivo do Programa de P\u00f3s-Gradua\u00e7\u00e3o em Artes \u00e9 formar mestres e doutores em Artes que possuam um amplo conhecimento tanto da \u00e1rea como um todo quanto espec\u00edfico da sua linha de pesquisa e, ao mesmo tempo, que fomentem a realiza\u00e7\u00e3o de pesquisas de qualidade e de reconhecimento nacional e internacional, as quais devem ter relev\u00e2ncia art\u00edstica, intelectual e social.<\/p>\n<p>S\u00e3o objetivos espec\u00edficos:<\/p>\n<ul>\n<li>Atuar com densidade acad\u00eamica e art\u00edstica em todas as \u00e1reas fundamentais das Artes;<\/li>\n<li>Oferecer disciplinas b\u00e1sicas e avan\u00e7adas em n\u00edvel de p\u00f3s-gradua\u00e7\u00e3o nas linhas de pesquisa dos cursos de mestrado e doutorado;<\/li>\n<li>Realizar pesquisa de alcance e qualidade reconhecida nacionalmente e internacionalmente;<\/li>\n<li>Publicar nos f\u00f3runs de maior qualidade e impacto reconhecidos nas \u00e1reas de atua\u00e7\u00e3o;<\/li>\n<li>Promover a internacionaliza\u00e7\u00e3o do programa atrav\u00e9s de atividades como visitas t\u00e9cnicas tanto \u00e0 UFMG quanto a institui\u00e7\u00f5es no exterior e cursos ministrados por professores convidados;<\/li>\n<li>Contribuir para o desenvolvimento das Artes e do pensamento sobre arte no Brasil e no exterior;<\/li>\n<li>Contribuir para o desenvolvimento do Ensino de Arte no Brasil em pesquisas de mestrado e doutorado e tamb\u00e9m por meio da Especializa\u00e7\u00e3o em Ensino de Artes Visuais em parceria com a UAB<\/li>\n<li>Interagir com outros programas e institui\u00e7\u00f5es de ensino e pesquisa na constru\u00e7\u00e3o de conhecimentos multi e transdisciplinares.<\/li>\n<\/ul>\n<\/div><\/div><\/div><\/div><\/div><div class=\"vc_col-sm-1 wpb_column vc_column_container\"><div class=\"vc_column-inner\"><div class=\"wpb_wrapper\"><\/div><\/div><\/div><\/div><\/div><\/section>\n","protected":false},"excerpt":{"rendered":"","protected":false},"author":1,"featured_media":0,"parent":0,"menu_order":0,"comment_status":"closed","ping_status":"closed","template":"","meta":{"footnotes":""},"class_list":["post-8053","page","type-page","status-publish","hentry"],"_links":{"self":[{"href":"https:\/\/ppgartes.eba.ufmg.br\/index.php?rest_route=\/wp\/v2\/pages\/8053","targetHints":{"allow":["GET"]}}],"collection":[{"href":"https:\/\/ppgartes.eba.ufmg.br\/index.php?rest_route=\/wp\/v2\/pages"}],"about":[{"href":"https:\/\/ppgartes.eba.ufmg.br\/index.php?rest_route=\/wp\/v2\/types\/page"}],"author":[{"embeddable":true,"href":"https:\/\/ppgartes.eba.ufmg.br\/index.php?rest_route=\/wp\/v2\/users\/1"}],"replies":[{"embeddable":true,"href":"https:\/\/ppgartes.eba.ufmg.br\/index.php?rest_route=%2Fwp%2Fv2%2Fcomments&post=8053"}],"version-history":[{"count":4,"href":"https:\/\/ppgartes.eba.ufmg.br\/index.php?rest_route=\/wp\/v2\/pages\/8053\/revisions"}],"predecessor-version":[{"id":8151,"href":"https:\/\/ppgartes.eba.ufmg.br\/index.php?rest_route=\/wp\/v2\/pages\/8053\/revisions\/8151"}],"wp:attachment":[{"href":"https:\/\/ppgartes.eba.ufmg.br\/index.php?rest_route=%2Fwp%2Fv2%2Fmedia&parent=8053"}],"curies":[{"name":"wp","href":"https:\/\/api.w.org\/{rel}","templated":true}]}}

<section class="l-section wpb_row us_custom_a2053579 height_medium with_img with_overlay"><div class="l-section-img" style="background-image: url(https://ppgartes.eba.ufmg.br/wp-content/uploads/2022/08/capa4.jpg);" data-img-width="2000" data-img-height="800"></div><div class="l-section-overlay" style="background: rgba(26,26,26,0.20)"></div><div class="l-section-h i-cf"><div class="g-cols vc_row type_default valign_top"><div class="vc_col-sm-12 wpb_column vc_column_container"><div class="vc_column-inner"><div class="wpb_wrapper"><div class="w-text us_custom_83d2172e has_text_color"><span class="w-text-h"><span class="w-text-value">PPG Artes</span></span></div></div></div></div></div></div></section><section class="l-section wpb_row height_medium"><div class="l-section-h i-cf"><div class="g-cols vc_row type_default valign_top"><div class="vc_col-sm-1 wpb_column vc_column_container"><div class="vc_column-inner"><div class="wpb_wrapper"></div></div></div><div class="vc_col-sm-10 wpb_column vc_column_container"><div class="vc_column-inner"><div class="wpb_wrapper"><div class="wpb_text_column" ><div class="wpb_wrapper"><h3><strong>Objetivos do Programa</strong></h3>
<p>O objetivo do Programa de Pós-Graduação em Artes é formar mestres e doutores em Artes que possuam um amplo conhecimento tanto da área como um todo quanto específico da sua linha de pesquisa e, ao mesmo tempo, que fomentem a realização de pesquisas de qualidade e de reconhecimento nacional e internacional, as quais devem ter relevância artística, intelectual e social.</p>
<p>São objetivos específicos:</p>
<ul>
<li>Atuar com densidade acadêmica e artística em todas as áreas fundamentais das Artes;</li>
<li>Oferecer disciplinas básicas e avançadas em nível de pós-graduação nas linhas de pesquisa dos cursos de mestrado e doutorado;</li>
<li>Realizar pesquisa de alcance e qualidade reconhecida nacionalmente e internacionalmente;</li>
<li>Publicar nos fóruns de maior qualidade e impacto reconhecidos nas áreas de atuação;</li>
<li>Promover a internacionalização do programa através de atividades como visitas técnicas tanto à UFMG quanto a instituições no exterior e cursos ministrados por professores convidados;</li>
<li>Contribuir para o desenvolvimento das Artes e do pensamento sobre arte no Brasil e no exterior;</li>
<li>Contribuir para o desenvolvimento do Ensino de Arte no Brasil em pesquisas de mestrado e doutorado e também por meio da Especialização em Ensino de Artes Visuais em parceria com a UAB</li>
<li>Interagir com outros programas e instituições de ensino e pesquisa na construção de conhecimentos multi e transdisciplinares.</li>
</ul>
</div></div></div></div></div><div class="vc_col-sm-1 wpb_column vc_column_container"><div class="vc_column-inner"><div class="wpb_wrapper"></div></div></div></div></div></section>
