{"id":8067,"date":"2022-08-04T20:17:27","date_gmt":"2022-08-04T23:17:27","guid":{"rendered":"http:\/\/vvz.com.br\/ufmg\/?page_id=8067"},"modified":"2026-01-28T18:23:11","modified_gmt":"2026-01-28T21:23:11","slug":"elenco-de-disciplinas","status":"publish","type":"page","link":"https:\/\/ppgartes.eba.ufmg.br\/?page_id=8067","title":{"rendered":"Elenco de disciplinas"},"content":{"rendered":"<section class=\"l-section wpb_row us_custom_a2053579 height_medium with_img with_overlay\"><div class=\"l-section-img\" style=\"background-image: url(https:\/\/ppgartes.eba.ufmg.br\/wp-content\/uploads\/2022\/08\/capa14.jpg);\" data-img-width=\"2000\" data-img-height=\"800\"><\/div><div class=\"l-section-overlay\" style=\"background: rgba(26,26,26,0.20)\"><\/div><div class=\"l-section-h i-cf\"><div class=\"g-cols vc_row type_default valign_top\"><div class=\"vc_col-sm-12 wpb_column vc_column_container\"><div class=\"vc_column-inner\"><div class=\"wpb_wrapper\"><div class=\"w-text us_custom_83d2172e has_text_color\"><span class=\"w-text-h\"><span class=\"w-text-value\">PPG Artes<\/span><\/span><\/div><\/div><\/div><\/div><\/div><\/div><\/section><section class=\"l-section wpb_row height_medium\"><div class=\"l-section-h i-cf\"><div class=\"g-cols vc_row type_default valign_top\"><div class=\"vc_col-sm-1 wpb_column vc_column_container\"><div class=\"vc_column-inner\"><div class=\"wpb_wrapper\"><\/div><\/div><\/div><div class=\"vc_col-sm-10 wpb_column vc_column_container\"><div class=\"vc_column-inner\"><div class=\"wpb_wrapper\"><div class=\"wpb_text_column\" ><div class=\"wpb_wrapper\"><h3><strong>Elenco de disciplinas<\/strong><\/h3>\n<p>O elenco de disciplinas procura cobrir todos os aspectos b\u00e1sicos da pesquisa em e sobre Arte, al\u00e9m de atender as demandas das linhas de pesquisa. N\u00e3o h\u00e1 disciplinas obrigat\u00f3rias para os alunos, pois entendemos que a constru\u00e7\u00e3o de um pensamento aut\u00f4nomo em e sobre Arte passa pela sele\u00e7\u00e3o de disciplinas, conjuntamente com a orienta\u00e7\u00e3o.<\/p>\n<p>N\u00e3o existe diferencia\u00e7\u00e3o entre disciplinas para o mestrado e para o doutorado, mas h\u00e1 um grande n\u00famero de disciplinas de t\u00f3picos avan\u00e7ados que refletem as atividades e interesses correntes de pesquisa dos docentes permanentes e colaboradores.<\/p>\n<p>S\u00e3o ofertadas disciplinas chamadas T\u00f3picos Especiais em Artes, equivalentes a 1, 2, 3 ou 4 cr\u00e9ditos. O Est\u00e1gio Docente \u00e9 obrigat\u00f3rio para bolsistas de doutorado e optativo aos demais alunos.<\/p>\n<\/div><\/div><\/div><\/div><\/div><div class=\"vc_col-sm-1 wpb_column vc_column_container\"><div class=\"vc_column-inner\"><div class=\"wpb_wrapper\"><\/div><\/div><\/div><\/div><\/div><\/section>\n","protected":false},"excerpt":{"rendered":"","protected":false},"author":1,"featured_media":0,"parent":0,"menu_order":0,"comment_status":"closed","ping_status":"closed","template":"","meta":{"footnotes":""},"class_list":["post-8067","page","type-page","status-publish","hentry"],"_links":{"self":[{"href":"https:\/\/ppgartes.eba.ufmg.br\/index.php?rest_route=\/wp\/v2\/pages\/8067","targetHints":{"allow":["GET"]}}],"collection":[{"href":"https:\/\/ppgartes.eba.ufmg.br\/index.php?rest_route=\/wp\/v2\/pages"}],"about":[{"href":"https:\/\/ppgartes.eba.ufmg.br\/index.php?rest_route=\/wp\/v2\/types\/page"}],"author":[{"embeddable":true,"href":"https:\/\/ppgartes.eba.ufmg.br\/index.php?rest_route=\/wp\/v2\/users\/1"}],"replies":[{"embeddable":true,"href":"https:\/\/ppgartes.eba.ufmg.br\/index.php?rest_route=%2Fwp%2Fv2%2Fcomments&post=8067"}],"version-history":[{"count":3,"href":"https:\/\/ppgartes.eba.ufmg.br\/index.php?rest_route=\/wp\/v2\/pages\/8067\/revisions"}],"predecessor-version":[{"id":10399,"href":"https:\/\/ppgartes.eba.ufmg.br\/index.php?rest_route=\/wp\/v2\/pages\/8067\/revisions\/10399"}],"wp:attachment":[{"href":"https:\/\/ppgartes.eba.ufmg.br\/index.php?rest_route=%2Fwp%2Fv2%2Fmedia&parent=8067"}],"curies":[{"name":"wp","href":"https:\/\/api.w.org\/{rel}","templated":true}]}}