{"id":8095,"date":"2022-08-04T21:03:47","date_gmt":"2022-08-05T00:03:47","guid":{"rendered":"http:\/\/vvz.com.br\/ufmg\/?page_id=8095"},"modified":"2022-08-08T20:34:46","modified_gmt":"2022-08-08T23:34:46","slug":"ensino-aprendizagem-em-arte","status":"publish","type":"page","link":"https:\/\/ppgartes.eba.ufmg.br\/?page_id=8095","title":{"rendered":"Ensino-aprendizagem em Arte"},"content":{"rendered":"<section class=\"l-section wpb_row us_custom_a2053579 height_medium with_img with_overlay\"><div class=\"l-section-img\" style=\"background-image: url(https:\/\/ppgartes.eba.ufmg.br\/wp-content\/uploads\/2022\/08\/capa11.jpg);\" data-img-width=\"2000\" data-img-height=\"800\"><\/div><div class=\"l-section-overlay\" style=\"background: rgba(26,26,26,0.20)\"><\/div><div class=\"l-section-h i-cf\"><div class=\"g-cols vc_row type_default valign_top\"><div class=\"vc_col-sm-12 wpb_column vc_column_container\"><div class=\"vc_column-inner\"><div class=\"wpb_wrapper\"><div class=\"w-text us_custom_83d2172e has_text_color\"><span class=\"w-text-h\"><span class=\"w-text-value\">PPG Artes<\/span><\/span><\/div><\/div><\/div><\/div><\/div><\/div><\/section><section class=\"l-section wpb_row height_medium\"><div class=\"l-section-h i-cf\"><div class=\"g-cols vc_row type_default valign_top\"><div class=\"vc_col-sm-1 wpb_column vc_column_container\"><div class=\"vc_column-inner\"><div class=\"wpb_wrapper\"><\/div><\/div><\/div><div class=\"vc_col-sm-10 wpb_column vc_column_container\"><div class=\"vc_column-inner\"><div class=\"wpb_wrapper\"><div class=\"wpb_text_column\" ><div class=\"wpb_wrapper\"><h3><strong>Linhas de Pesquisa<\/strong><\/h3>\n<p><strong>Ensino-aprendizagem em Arte<\/strong><br \/>\nAbrange pesquisas em n\u00edvel de p\u00f3s-gradua\u00e7\u00e3o na \u00e1rea de forma\u00e7\u00e3o de professores de Arte, em metodologias de ensino-aprendizagem em Arte (presencial e \u00e0 dist\u00e2ncia) e em ensino-aprendizagem de Arte com tecnologias contempor\u00e2neas, podendo essas pesquisas serem realizadas em contexto escolar e\/ou em outros contextos formativos. Tamb\u00e9m contempla pesquisas em n\u00edvel de p\u00f3s-gradua\u00e7\u00e3o envolvendo pol\u00edticas p\u00fablicas educacionais referentes \u00e0 inser\u00e7\u00e3o da Arte na escola.<\/p>\n<\/div><\/div><\/div><\/div><\/div><div class=\"vc_col-sm-1 wpb_column vc_column_container\"><div class=\"vc_column-inner\"><div class=\"wpb_wrapper\"><\/div><\/div><\/div><\/div><\/div><\/section>\n","protected":false},"excerpt":{"rendered":"","protected":false},"author":1,"featured_media":0,"parent":8073,"menu_order":0,"comment_status":"closed","ping_status":"closed","template":"","meta":{"footnotes":""},"class_list":["post-8095","page","type-page","status-publish","hentry"],"_links":{"self":[{"href":"https:\/\/ppgartes.eba.ufmg.br\/index.php?rest_route=\/wp\/v2\/pages\/8095","targetHints":{"allow":["GET"]}}],"collection":[{"href":"https:\/\/ppgartes.eba.ufmg.br\/index.php?rest_route=\/wp\/v2\/pages"}],"about":[{"href":"https:\/\/ppgartes.eba.ufmg.br\/index.php?rest_route=\/wp\/v2\/types\/page"}],"author":[{"embeddable":true,"href":"https:\/\/ppgartes.eba.ufmg.br\/index.php?rest_route=\/wp\/v2\/users\/1"}],"replies":[{"embeddable":true,"href":"https:\/\/ppgartes.eba.ufmg.br\/index.php?rest_route=%2Fwp%2Fv2%2Fcomments&post=8095"}],"version-history":[{"count":2,"href":"https:\/\/ppgartes.eba.ufmg.br\/index.php?rest_route=\/wp\/v2\/pages\/8095\/revisions"}],"predecessor-version":[{"id":8166,"href":"https:\/\/ppgartes.eba.ufmg.br\/index.php?rest_route=\/wp\/v2\/pages\/8095\/revisions\/8166"}],"up":[{"embeddable":true,"href":"https:\/\/ppgartes.eba.ufmg.br\/index.php?rest_route=\/wp\/v2\/pages\/8073"}],"wp:attachment":[{"href":"https:\/\/ppgartes.eba.ufmg.br\/index.php?rest_route=%2Fwp%2Fv2%2Fmedia&parent=8095"}],"curies":[{"name":"wp","href":"https:\/\/api.w.org\/{rel}","templated":true}]}}

<section class="l-section wpb_row us_custom_a2053579 height_medium with_img with_overlay"><div class="l-section-img" style="background-image: url(https://ppgartes.eba.ufmg.br/wp-content/uploads/2022/08/capa11.jpg);" data-img-width="2000" data-img-height="800"></div><div class="l-section-overlay" style="background: rgba(26,26,26,0.20)"></div><div class="l-section-h i-cf"><div class="g-cols vc_row type_default valign_top"><div class="vc_col-sm-12 wpb_column vc_column_container"><div class="vc_column-inner"><div class="wpb_wrapper"><div class="w-text us_custom_83d2172e has_text_color"><span class="w-text-h"><span class="w-text-value">PPG Artes</span></span></div></div></div></div></div></div></section><section class="l-section wpb_row height_medium"><div class="l-section-h i-cf"><div class="g-cols vc_row type_default valign_top"><div class="vc_col-sm-1 wpb_column vc_column_container"><div class="vc_column-inner"><div class="wpb_wrapper"></div></div></div><div class="vc_col-sm-10 wpb_column vc_column_container"><div class="vc_column-inner"><div class="wpb_wrapper"><div class="wpb_text_column" ><div class="wpb_wrapper"><h3><strong>Linhas de Pesquisa</strong></h3>
<p><strong>Ensino-aprendizagem em Arte</strong><br />
Abrange pesquisas em nível de pós-graduação na área de formação de professores de Arte, em metodologias de ensino-aprendizagem em Arte (presencial e à distância) e em ensino-aprendizagem de Arte com tecnologias contemporâneas, podendo essas pesquisas serem realizadas em contexto escolar e/ou em outros contextos formativos. Também contempla pesquisas em nível de pós-graduação envolvendo políticas públicas educacionais referentes à inserção da Arte na escola.</p>
</div></div></div></div></div><div class="vc_col-sm-1 wpb_column vc_column_container"><div class="vc_column-inner"><div class="wpb_wrapper"></div></div></div></div></div></section>
