{"id":8120,"date":"2022-08-07T21:29:10","date_gmt":"2022-08-08T00:29:10","guid":{"rendered":"http:\/\/vvz.com.br\/ufmg\/?page_id=8120"},"modified":"2026-03-07T07:10:58","modified_gmt":"2026-03-07T10:10:58","slug":"ensino-aprendizagem-em-arte","status":"publish","type":"page","link":"https:\/\/ppgartes.eba.ufmg.br\/?page_id=8120","title":{"rendered":"Ensino-aprendizagem em Arte"},"content":{"rendered":"<section class=\"l-section wpb_row us_custom_a2053579 height_medium with_img with_overlay\"><div class=\"l-section-img\" style=\"background-image: url(https:\/\/ppgartes.eba.ufmg.br\/wp-content\/uploads\/2022\/08\/capa21.jpg);\" data-img-width=\"2000\" data-img-height=\"800\"><\/div><div class=\"l-section-overlay\" style=\"background: rgba(26,26,26,0.25)\"><\/div><div class=\"l-section-h i-cf\"><div class=\"g-cols vc_row type_default valign_top\"><div class=\"vc_col-sm-12 wpb_column vc_column_container\"><div class=\"vc_column-inner\"><div class=\"wpb_wrapper\"><div class=\"w-text us_custom_15798d3e has_text_color\"><span class=\"w-text-h\"><span class=\"w-text-value\">CORPO DOCENTE<\/span><\/span><\/div><\/div><\/div><\/div><\/div><\/div><\/section><section class=\"l-section wpb_row height_medium\"><div class=\"l-section-h i-cf\"><div class=\"g-cols vc_row type_default valign_top\"><div class=\"vc_col-sm-1 wpb_column vc_column_container\"><div class=\"vc_column-inner\"><div class=\"wpb_wrapper\"><\/div><\/div><\/div><div class=\"vc_col-sm-10 wpb_column vc_column_container\"><div class=\"vc_column-inner\"><div class=\"wpb_wrapper\"><div class=\"wpb_text_column\" ><div class=\"wpb_wrapper\"><h3><strong>Ensino-aprendizagem em Arte<\/strong><\/h3>\n<p><a href=\"http:\/\/lattes.cnpq.br\/8524050960433272\" target=\"_blank\" rel=\"noopener\"><strong>Profa. Dra. Ana Cristina Carvalho Pereira<\/strong><\/a><br \/>\nDepartamento de Artes C\u00eanicas da EBA\/UFMG<br \/>\nCampo de Trabalho: a) Ensino de Dan\u00e7a no contexto formal e n\u00e3o-formal; b) Forma\u00e7\u00e3o de professores de Dan\u00e7a tanto inicial, quanto continuada; c) Experi\u00eancias que contemplem processos de ensino-aprendizagem em Dan\u00e7a. Site: <a href=\"http:\/\/dancaufmg.wix.com\/gestoLab\" target=\"_blank\" rel=\"noopener\">dancaufmg.wix.com\/gestoLab<\/a><\/p>\n<p><a href=\"http:\/\/lattes.cnpq.br\/0737216092823558\" target=\"_blank\" rel=\"noopener\"><strong>Prof. Dr. Arnaldo Leite de Alvarenga<\/strong><\/a><br \/>\nDepartamento de Artes C\u00eanicas da EBA\/UFMG<br \/>\nCampo de Trabalho: a) Ensino de Dan\u00e7a no contexto formal e n\u00e3o-formal; b) Forma\u00e7\u00e3o de professores de Dan\u00e7a inicial e continuada; c) Experi\u00eancias que contemplem processos de ensino-aprendizagem em Dan\u00e7a.<\/p>\n<p><a href=\"http:\/\/lattes.cnpq.br\/8683034218224159\" target=\"_blank\" rel=\"noopener\"><strong>Profa. Dra. Gabriela C\u00f3rdova Christ\u00f3faro<\/strong><\/a><br \/>\nDepartamento de Artes C\u00eanicas da EBA\/UFMG<br \/>\nCampo de trabalho: a) Ensino-aprendizagem de Dan\u00e7a; b) Abordagens som\u00e1ticas e metodologias para o ensino-aprendizagem de dan\u00e7a; c) Pol\u00edticas do corpo em processos art\u00edsticos e docentes; d) Pol\u00edticas p\u00fablicas em Arte e Educa\u00e7\u00e3o.<\/p>\n<p><a href=\"http:\/\/lattes.cnpq.br\/3342330120066308\" target=\"_blank\" rel=\"noopener\"><strong>Profa. Dra. Lucia Gouvea Pimentel<\/strong><\/a><br \/>\nDepartamento de Artes Pl\u00e1sticas\u00a0da EBA\/UFMG<br \/>\nCampo de Trabalho: a) Arte, met\u00e1fora, cogni\u00e7\u00e3o e imagina\u00e7\u00e3o. b) ArteCi\u00eancia. c) A\u00e7\u00f5es afirmativas e materiais pedag\u00f3gicos em Artes. d) Culturas ind\u00edgenas e Tecnologias Contempor\u00e2neas. e) Pol\u00edticas p\u00fablicas em Arte, Cultura e Educa\u00e7\u00e3o.<\/p>\n<p><a href=\"http:\/\/lattes.cnpq.br\/4036174612294393\" target=\"_blank\" rel=\"noopener\"><strong>Profa. Dra. Mariana de Lima e Muniz<\/strong><\/a><br \/>\nDepartamento de Artes C\u00eanicas da EBA\/UFMG<br \/>\nCampo de trabalho: a) Metodologia de ensino-aprendizagem em Teatro (presencial e \u00e0 dist\u00e2ncia) e em ensino-aprendizagem de Teatro com tecnologias contempor\u00e2neas. b) pesquisas referentes a pol\u00edticas p\u00fablicas educacionais vinculadas \u00e0 inser\u00e7\u00e3o da Arte na Educa\u00e7\u00e3o. c) Livro Did\u00e1tico em Artes. d) Improvisa\u00e7\u00e3o como metodologia de Ensino de Arte.<\/p>\n<p><a href=\"http:\/\/lattes.cnpq.br\/0271583492196162\" target=\"_blank\" rel=\"noopener\"><strong>Prof. Dr. Maurilio Andrade Rocha<\/strong><\/a><br \/>\nDepartamento de Artes C\u00eanicas da EBA\/UFMG<br \/>\nCampo de Trabalho: a) Abordagens te\u00f3ricas e metodol\u00f3gicas para o ensino-aprendizagem em Arte; b) Pol\u00edticas p\u00fablicas para o ensino-aprendizagem em arte; c)Som, voz e musicalidade no ensino-aprendizagem em Teatro.<\/p>\n<p><a href=\"http:\/\/lattes.cnpq.br\/9728770669406605\" target=\"_blank\" rel=\"noopener\"><strong>Prof. Dr. Ricardo Carvalho de Figueiredo<\/strong><\/a><br \/>\nDepartamento de Artes C\u00eanicas da EBA\/UFMG<br \/>\nCampo de trabalho: a) Pedagogia do Teatro; b) Forma\u00e7\u00e3o de professores de Teatro; c) Teatro e movimentos sociais; d) Teatro na educa\u00e7\u00e3o n\u00e3o-formal; e) Processos de aprendizagem do artista da cena.<\/p>\n<p><a href=\"http:\/\/lattes.cnpq.br\/3599603278609656\" target=\"_blank\" rel=\"noopener\"><strong>Profa. Dra. Rosvita Kolb Bernardes<\/strong><\/a><br \/>\nDepartamento de Artes Pl\u00e1sticas da EBA\/UFMG<br \/>\nCampo de trabalho: a) Ensino de Artes Visuais e abordagem autobiogr\u00e1fica; b) Forma\u00e7\u00e3o de professores de Arte, inicial e continuada; c) Experi\u00eancias que contemplam processos de ensino e aprendizagem de Arte na Educa\u00e7\u00e3o B\u00e1sica com \u00eanfase na Educa\u00e7\u00e3o Infantil.<\/p>\n<p><a href=\"http:\/\/lattes.cnpq.br\/1147264803853400\" target=\"_blank\" rel=\"noopener\"><strong>Prof. Dr. Tiago de Brito Cruvinel<\/strong><\/a><br \/>\nProfessor colaborador, Instituto Federal de Minas Gerais \u2013 IFMG<br \/>\nCampo de trabalho: a) Teoria Queer e ensino de Arte; b) Arte, G\u00eanero, Educa\u00e7\u00e3o e sexualidade na escola; c) Pr\u00e1ticas art\u00edsticas no Ensino M\u00e9dio; d) Curr\u00edculo, BNCC e marcos legais.<\/p>\n<\/div><\/div><\/div><\/div><\/div><div class=\"vc_col-sm-1 wpb_column vc_column_container\"><div class=\"vc_column-inner\"><div class=\"wpb_wrapper\"><\/div><\/div><\/div><\/div><\/div><\/section>\n","protected":false},"excerpt":{"rendered":"","protected":false},"author":1,"featured_media":0,"parent":2262,"menu_order":0,"comment_status":"closed","ping_status":"closed","template":"","meta":{"footnotes":""},"class_list":["post-8120","page","type-page","status-publish","hentry"],"_links":{"self":[{"href":"https:\/\/ppgartes.eba.ufmg.br\/index.php?rest_route=\/wp\/v2\/pages\/8120","targetHints":{"allow":["GET"]}}],"collection":[{"href":"https:\/\/ppgartes.eba.ufmg.br\/index.php?rest_route=\/wp\/v2\/pages"}],"about":[{"href":"https:\/\/ppgartes.eba.ufmg.br\/index.php?rest_route=\/wp\/v2\/types\/page"}],"author":[{"embeddable":true,"href":"https:\/\/ppgartes.eba.ufmg.br\/index.php?rest_route=\/wp\/v2\/users\/1"}],"replies":[{"embeddable":true,"href":"https:\/\/ppgartes.eba.ufmg.br\/index.php?rest_route=%2Fwp%2Fv2%2Fcomments&post=8120"}],"version-history":[{"count":5,"href":"https:\/\/ppgartes.eba.ufmg.br\/index.php?rest_route=\/wp\/v2\/pages\/8120\/revisions"}],"predecessor-version":[{"id":9308,"href":"https:\/\/ppgartes.eba.ufmg.br\/index.php?rest_route=\/wp\/v2\/pages\/8120\/revisions\/9308"}],"up":[{"embeddable":true,"href":"https:\/\/ppgartes.eba.ufmg.br\/index.php?rest_route=\/wp\/v2\/pages\/2262"}],"wp:attachment":[{"href":"https:\/\/ppgartes.eba.ufmg.br\/index.php?rest_route=%2Fwp%2Fv2%2Fmedia&parent=8120"}],"curies":[{"name":"wp","href":"https:\/\/api.w.org\/{rel}","templated":true}]}}